*3 - z**2 - 2*z + 3. Calculate g(1).
-1
Let g(z) = z**3 + 17*z**2 - 85*z + 22. Calculate g(-21).
43
Let r(z) = 245*z + 1228. Determine r(-5).
3
Let k(v) = 89*v + 630. Give k(-7).
7
Let p(u) = 2*u - 10. What is p(3)?
-4
Let w(x) = -2*x**2 - 5. What is w(7)?
-103
Let k(g) = -2*g**3 + 12*g**2 - 8*g - 4. Determine k(5).
6
Let j(c) = 50*c - 8. Determine j(-1).
-58
Let r(x) = 2*x**3 + 57*x**2 - 21*x + 229. Give r(-29).
-3
Let h(u) = -10*u**2 + 2*u - 8. What is h(3)?
-92
Let r(b) = -b**3 + 3*b + 4. Give r(-2).
6
Let x(g) = -g**3 + 11*g**2 - 23*g - 5. What is x(3)?
-2
Let h(j) = j**3 + 23*j**2 + 51*j + 19. Calculate h(-21).
-170
Let x(z) = z**2 + 7*z + 22. What is x(-6)?
16
Let r(p) = p**3 + 13*p**2 - 14*p - 6. Determine r(-14).
-6
Let h(x) = 6*x + 2. What is h(2)?
14
Let p(t) = -12*t. Calculate p(1).
-12
Let w(k) = 9*k**3 + k**2 + 5*k + 4. What is w(-1)?
-9
Let p(v) = -3*v + 14. Calculate p(9).
-13
Let h(m) = -m**2 + 9. Calculate h(4).
-7
Let m(d) = -d - 6. Give m(-17).
11
Let n(f) = f**3 + 18*f**2 - 25*f - 116. Calculate n(-19).
-2
Let s(i) = -4*i + 138. Calculate s(38).
-14
Let u(j) = -2*j - 5. Determine u(9).
-23
Let t(n) = -n**2 - 10*n - 7. Calculate t(-6).
17
Let y(c) = -c**2 + 6*c - 1. Give y(4).
7
Let a(i) = i**2 - 9*i - 4. Determine a(10).
6
Let z(t) = -t**3 - 26. Calculate z(0).
-26
Let j(c) = 12*c + 4. What is j(2)?
28
Let q(k) = -k - 5. Calculate q(-3).
-2
Let o(l) = -l - 2. What is o(-2)?
0
Let b(i) = -7*i + 48. What is b(6)?
6
Let a(k) = -k**3 + k + 3. Determine a(-3).
27
Let l(s) = -s**3 - 11*s**2 - 17*s - 31. What is l(-10)?
39
Let o(s) = -51*s**3 - 11*s + 10. What is o(1)?
-52
Let k(i) = -9*i**2 + 1. What is k(1)?
-8
Let o(t) = t - 2. Determine o(-8).
-10
Let c(n) = 12*n + 284. Give c(-22).
20
Let b(s) = 7*s - 10. Calculate b(-6).
-52
Let u(l) = l**2 - 5*l + 79. Give u(0).
79
Let s(j) = 3*j**3 + 39*j**2 - 5*j - 12. Give s(-13).
53
Let i(a) = -2*a**2 - 21*a + 5. Determine i(-11).
-6
Let t(h) = -5*h**2 - 5*h - 4. Calculate t(-2).
-14
Let l(a) = -a**2 + 4*a + 6. Calculate l(4).
6
Let i(r) = -8*r. Calculate i(5).
-40
Let h(f) = 17*f + 125. Give h(-7).
6
Let u(o) = -12*o + 5. Determine u(6).
-67
Let u(m) = -m**2 - 14*m - 10. Give u(-7).
39
Let v(t) = -t**3 + 7*t**2 - 2*t + 3. Give v(7).
-11
Let m(n) = -n**3 + 8*n**2 + 3*n - 23. Determine m(7).
47
Let w(l) = l**2 + 13*l - 42. Calculate w(-15).
-12
Let y(n) = n**3 - 6*n**2 + 11*n - 36. What is y(5)?
-6
Let v(j) = -4*j**2 + j - 1. Give v(2).
-15
Let z(k) = -k**3 + 2*k**2 + k - 5. Calculate z(2).
-3
Let q(h) = -15*h + 3. Calculate q(9).
-132
Let l(f) = f**3 + 2*f**2 - 8*f. Determine l(-4).
0
Let s(u) = u**3 - u**2 - 22*u + 2. Give s(5).
-8
Let x(k) = k - 105. Give x(-15).
-120
Let x(n) = 2*n**2 + 7*n + 6. What is x(-4)?
10
Let l(y) = y**3 + 4*y**2 - 5*y - 6. What is l(-5)?
-6
Let d(y) = y**3 - 3*y**2 - 7*y + 4. Give d(4).
-8
Let x(w) = -2*w**3 - 2*w**2 - 2*w + 4. Give x(-2).
16
Let y(h) = h**3 + 14*h**2 + 23*h - 16. Determine y(-12).
-4
Let z(a) = -a - 7. Calculate z(-3).
-4
Let g(l) = -l**2 - 15*l - 50. What is g(-6)?
4
Let u(i) = 5*i - 33. What is u(5)?
-8
Let u(z) = z**3 + z + 3. What is u(-1)?
1
Let v(o) = 19*o + 8. Calculate v(-4).
-68
Let q(i) = i**2 + i - 19. Give q(0).
-19
Let x(p) = -33*p + 197. Give x(6).
-1
Let s(l) = l + 34. Determine s(0).
34
Let w(p) = -10*p + 19. Calculate w(5).
-31
Let a(y) = -7*y**2 - 6*y - 4. Calculate a(-3).
-49
Let t(c) = -7*c + 32. Determine t(0).
32
Let j(t) = -9*t - 1. Calculate j(-2).
17
Let h(s) = -s**3 - 5*s**2 - s + 4. What is h(-5)?
9
Let o(m) = -m**3 - 8*m**2 + 5*m + 25. Give o(-9).
61
Let p(c) = 11*c - 1. Calculate p(4).
43
Let x(c) = -c + 7. Calculate x(0).
7
Let n(v) = -v**3 - 6*v**2 - 2*v + 11. What is n(-5)?
-4
Let i(y) = -y**3 + 10*y**2 - 25*y + 11. Determine i(6).
5
Let z(p) = 6*p**2 + 10*p. Calculate z(-2).
4
Let n(p) = 37*p + 112. What is n(-3)?
1
Let m(p) = -p**3 - 2*p**2 + 21*p + 54. Calculate m(-3).
0
Let h(r) = -r**2 - 17*r - 2. Calculate h(-9).
70
Let k(n) = 11*n - 215. Determine k(17).
-28
Let b(v) = -27*v + 32. What is b(5)?
-103
Let i(q) = 5*q + 45. Calculate i(-10).
-5
Let i(t) = -2*t**3 + 49*t**2 - 24*t + 13. Calculate i(24).
13
Let j(l) = -l**2 - l + 1. What is j(-9)?
-71
Let l(u) = 6*u**3 + 2*u**2 - u - 3. Calculate l(-1).
-6
Let i(a) = a**3 - 5*a**2 + 2*a - 6. Determine i(5).
4
Let i(h) = 14*h + 5. What is i(-1)?
-9
Let b(k) = k**3 - 6*k**2 - 3*k + 6. Give b(6).
-12
Let y(f) = -f - 5. Give y(-7).
2
Let o(b) = b**3 + 19*b**2 + 18*b + 1. What is o(-18)?
1
Let z(s) = -31*s - 19. What is z(-2)?
43
Let l(r) = -r**2 - 12*r - 4. Determine l(-12).
-4
Let b(y) = -y**2 + 6*y + 2. What is b(7)?
-5
Let x(a) = -a - 41. Determine x(0).
-41
Let b(z) = -8*z**2 + 2*z. What is b(3)?
-66
Let b(g) = -3*g + 4. Determine b(-1).
7
Let k(c) = -7*c + 98. Give k(16).
-14
Let u(t) = -50*t**2 - 2*t + 4. Determine u(1).
-48
Let p(j) = j**2 + j - 8. Determine p(0).
-8
Let j(v) = 20*v - 1. Calculate j(-1).
-21
Let p(i) = -i**3 + 9*i**2 - i - 1. Determine p(9).
-10
Let f(n) = -2*n**2 + n - 3. Determine f(-3).
-24
Let z(l) = -l + 17. Determine z(12).
5
Let x(q) = 10*q + 57. Give x(-10).
-43
Let u(h) = -h**2 - 6*h + 8. Calculate u(-6).
8
Let f(n) = -2*n**2 - 68*n + 3. What is f(-34)?
3
Let a(o) = -11*o. What is a(1)?
-11
Let b(k) = -6*k**2 - 2*k - 16. Give b(-3).
-64
Let s(w) = -28*w + 30. Determine s(0).
30
Let q(y) = -6*y - 6. Calculate q(-4).
18
Let i(k) = k**3 - 29*k**2 + 27*k + 28. Calculate i(28).
0
Let t(s) = s**3 + 15*s**2 + 16*s + 13. Give t(-14).
-15
Let p(g) = -g**3 + 9*g**2 - 14*g + 27. Give p(8).
-21
Let v(j) = j**2 + 27*j - 175. Calculate v(-32).
-15
Let u(o) = -o**2 + 7*o - 7. What is u(5)?
3
Let l(n) = -4*n**2 + 23*n + 10. Calculate l(7).
-25
Let g(k) = 3*k**2 - 13*k - 6. What is g(4)?
-10
Let z(v) = 4*v**3 + 62*v**2 + 32*v - 3. Calculate z(-15).
-33
Let s(c) = -8*c + 134. Determine s(17).
-2
Let x(s) = 2*s**2 - 14*s + 4. Calculate x(7).
4
Let m(z) = z**2 - 3*z - 9. Give m(8).
31
Let c(m) = -m**3 + 12*m**2 - 18. Give c(12).
-18
Let b(g) = -17*g + 187. Give b(12).
-17
Let u(n) = n**2 + 2*n - 12. Give u(4).
12
Let r(n) = 5*n**2 - 5*n - 17. Determine r(4).
43
Let v(r) = r + 1. Determine v(-9).
-8
Let f(w) = -w**2 + 11*w - 1. Calculate f(10).
9
Let u(z) = -z**3 + 3*z**2 + 2*z + 1. Give u(3).
7
Let o(u) = 18*u**3 + u**2 + u - 1. Calculate o(1).
19
Let r(s) = -s**2 - 8*s - 11. Give r(-4).
5
Let m(u) = -u**2 + 5*u + 41. Calculate m(9).
5
Let a(r) = -5*r - 147. Determine a(-31).
8
Let n(g) = -6*g + 143. Calculate n(24).
-1
Let z(k) = 28*k - 4. Determine z(-2).
-60
Let j(y) = -4*y**2 - 6*y + 1. What is j(-2)?
-3
Let t(o) = -4*o**2 - 2*o + 8. Give t(4).
-64
Let l(j) = 15*j**3 + 5*j**2 + 3*j + 2. Calculate l(-2).
-104
Let l(h) = -h**3 + 7*h**2 - h + 15. What is l(7)?
8
Let t(h) = h**2 + 9*h - 10. Calculate t(-8).
-18
Let k(a) = -a**2 - 24*a - 43. Calculate k(-18).
65
Let d(i) = -i**2 - 2*i + 15. Give d(-6).
-9
Let a(c) = -c**3 - c**2 - c + 2. Determine a(1).
-1
Let o(v) = -2*v + 37. Give o(17).
3
Let v(c) = -c**3 - 7*c**2 - 4*c + 2. Calculate v(-6).
-10
Let m(w) = w**3 - 15*w**2 + 9*w - 7. Calculate m(14).
-77
Let b(a) = 5*a + 22. Give b(-3).
7
Let d(x) = 7*x**3 - 4*x**2 - 4*x. Determine d(-2).
-64
Let y(o) = 8*o - 93. Give y(11).
-5
Let k(i) = i**3 - 6*i**2 - 20*i + 24. Calculate k(8).
-8
Let l(o) = 3*o**2 - 10*o - 10. What is l(5)?
15
Let m(x) = x**2 - 12*x + 16. Give m(11).
5
Let c(b) = -6*b - 4. Give c(-3).
14
Let i(u) = -2*u + 3. Give i(4).
-5
Let d(g) = g**2 + 7*g - 1. Give d(-5).
-11
Let v(g) = 21*g**3 + g + 4. Give v(-2).
-166
Let v(n) = 12*n**2 - n. Determine v(1).
11
Let g(z) = z + 32. Give g(-12).
20
Let y(w) = w**3 - 3*w**2 - 16*w + 7. Determine y(6).
19
Let y(a) = -50*a + 1. Give y(1).
-49
Let s(w) = 2*w**3 - 8*w**2 - 6*w + 29. Calculate s(4).
5
Let j(c) = -2*c**3 - c**2 - 3*c - 23. Give j(0).
-23
Let w(s) = s**3 - 3*s**2 + s + 1. Determine w(2).
-1
Let h(u) = u**3 + 9*u**2 - 9*u + 6. Determine h(-10).
-4
Let h(f) = 2*f**2 - 17*f - 9. What is h(9)?
0
Let i(o) = -o**2 - o - 45. Give i(9).
-135
Let l(f) = -15*f + 42. Give l(-3).
87
Let u(j) = j**3 - 6*j**2 + 3*j + 5. Determine u(6).
23
Let x(v) = 26*v + 98. What is x(-4)?
-6
Let h(v) = -5*v**3 + v**2 - 5*v - 9. Give h(-3).
150
Let z(g) = -2*g - 7. Give z(7).
-21
Let n(s) = s**3 + 58*s**2 -